 - -1 - -4) - 0?
-3
What is 25 + -16 + 1 + -5?
5
Evaluate (-1 - -1) + -3 + 1.
-2
-6 + -1 + 2 + 0
-5
What is (1 - (0 + 2)) + 30 + -29?
0
What is the value of (0 - -3) + (-2 - 6)?
-5
What is 6 + 1 + 2 - (2 - -2)?
5
7 + -5 + -1 + 2
3
3 - (3 - -1) - 1
-2
What is the value of -5 - (-4 + 3 - 3)?
-1
Evaluate 6 + (4 - (-6 - -11)).
5
Calculate (-8 - 0) + (10 - (-1 - -6)).
-3
What is the value of 5 + (-13 - (-3 + 2))?
-7
What is the value of -5 + -2 - (91 - 102)?
4
Calculate -2 - -6 - -6 - 5 - 5.
0
What is the value of -2 - (2 - (2 - (2 + 1)))?
-5
Evaluate 5 + 4 + (-4 - -1).
6
Evaluate 8 + (4 - 3 - 4).
5
What is the value of -6 + 1 + 13 + -11?
-3
What is the value of -4 + -1 - -8 - 3?
0
What is the value of -3 - (-5 - -2 - (3 + 2))?
5
Evaluate 2 + -3 + -6 + 5.
-2
What is 0 - (-3 - -21) - -10?
-8
Evaluate -6 - (26 + -28 + (-1 - -4)).
-7
What is 0 + 0 + -7 + 13?
6
Evaluate 33 + -25 + (3 - (18 - 1)).
-6
Calculate 12 + (-5 - 6 - 2).
-1
Calculate -3 + (5 - 1) + -2 + -4.
-5
-3 + (2 - 1) + 7 + -10
-5
Evaluate (22 - 2) + -15 - (5 + -1).
1
-6 + (8 - 3) + 1
0
-2 + (-1 + 4 - (0 - 0))
1
Evaluate -5 - -10 - 2 - (-1 - 0).
4
What is (-6 - -2) + (7 - -1)?
4
-4 + -3 + -8 + 11
-4
0 + (-4 - (-7 - -3 - 0))
0
Evaluate -4 - (3 + -3) - -1.
-3
Evaluate 60 + -58 - (-2 + 1).
3
What is the value of 2 - (-4 - 1 - (-1 - 11))?
-5
What is the value of -1 + -3 - 8 - -15?
3
What is the value of (13 - 26) + -1 + 4?
-10
What is the value of -1 - -6 - (-4 - -6 - 2)?
5
2 - (2 - 1) - (-2 - -4)
-1
What is -4 - (6 - (-6 - -12)) - 4?
-8
What is -7 - -4 - -1 - -3 - 2?
-1
Evaluate (60 - 54) + 1 + -5 + 0.
2
What is 6 + (1 - -1 - 4) + -3?
1
Evaluate -2 + -6 + 4 + 3 - 2.
-3
Calculate (0 - 13) + 15 - -4.
6
Evaluate 1 + -1 + 0 + (-1 - -1).
0
Calculate -3 + (6 - (-2 + 2) - -1).
4
Calculate -2 + 3 + -2 + 3 + 0.
2
What is the value of -6 + 1 - (37 - 41)?
-1
0 + -2 + -2 + -16 + 15
-5
What is -7 + 13 + 4 + -6?
4
What is 9 + -6 + -9 + 1?
-5
What is -5 + (12 - 14) + 12?
5
-3 - (3 + -21) - 9
6
-7 - (-15 - -5 - -4)
-1
Evaluate (4 + -1 - 3) + -2.
-2
Calculate -6 - (6 + 0 - (18 + -15)).
-9
What is the value of -9 - (6 - (14 - 4))?
-5
What is 0 - ((-4 - (4 + -2)) + 4)?
2
What is the value of -17 - (-4 + 2 + -6)?
-9
3 + -2 + 2 + 0 - 0
3
Evaluate (-1 - 1) + 6 + (21 - 22).
3
Evaluate 4 + 5 + (-1 - 5).
3
Evaluate (1 - 0 - (5 - 0)) + -1.
-5
What is -3 + (8 - 1 - -1)?
5
Evaluate 1 + 0 - (-4 + -3) - 6.
2
What is the value of 9 - 10 - -6 - (4 - 2)?
3
Calculate (-1 - -4) + -7 + (7 - 3).
0
What is the value of (-3 - (1 + -7)) + -6?
-3
Calculate 11 - (-8 - -7 - -11).
1
Evaluate -1 + -2 + 2 - -1.
0
Evaluate -26 - -27 - ((-1 - 0) + -1).
3
-4 + 1 + 0 + -56 + 59
0
What is -8 + (-2 - (2 - (4 - -1)))?
-7
-13 - (-6 - -4) - (-4 + -1)
-6
3 - (-1 - (3 + -2))
5
What is 4 - ((-3 - -15) + -9)?
1
Calculate -5 + 1 + 2 + -1 + 1.
-2
Evaluate (-2 - 3) + 0 + (-13 - -13).
-5
-2 + (8 - 6 - 4)
-4
What is the value of 1 - -2 - (44 + -35)?
-6
What is -1 - (-6 - (5 - 9))?
1
Calculate (-1 - (-2 - -7)) + 21 + -17.
-2
Evaluate -4 + 10 + 0 + -6.
0
What is -4 + (9 - 1 - (7 - 5))?
2
7 - 0 - (11 - 5)
1
-24 + 4 - (29 - 40)
-9
Evaluate (-1 - 3 - (0 + -4)) + 2.
2
What is the value of -4 - (-3 - 0) - (-1 + 3)?
-3
What is 0 - (-9 - -12 - (1 + -2))?
-4
Calculate -11 + (-8 + 8 - -7).
-4
Calculate 11 + -18 - (1 - 7).
-1
Evaluate (3 - -3) + -5 + 1.
2
Calculate 1 + (2 + 2 - -2).
7
What is the value of -8 - (-4 + -1 + 3 + -2)?
-4
Evaluate -2 + (-12 - (12 - 4 - 15)).
-7
Evaluate 3 + 3 + (9 - 14).
1
Evaluate -5 - (5 - 10) - -1.
1
Calculate -2 - (3 + (-2 - 3)).
0
What is the value of 4 + (-1 - 5) + -1 + 3?
0
Calculate 2 + (-22 + 12 - -6).
-2
Evaluate -6 + (1 - (-5 - (-5 + 0))).
-5
Calculate 7 + (4 + 2 - 4).
9
What is (18 - (-13 - -26)) + 5?
10
Calculate 8 - (1 + 1 - -3).
3
Evaluate (-1 - -2) + 5 + -4.
2
(3 - 14) + -2 + 2 + 5
-6
-7 + 0 - (0 + 9 + -15)
-1
Evaluate (1 - 3 - (0 - 8)) + -3.
3
What is the value of (-32 - -27) + (-1 - -7 - 1)?
0
(2 - -3) + -4 + 3
4
What is the value of (-1 - -1) + (-1 - 1) + 6?
4
What is the value of -2 - (2 + -11) - 1?
6
What is the value of -2 - (0 + -6 + -1)?
5
What is the value of 0 + -3 - (32 + -37)?
2
Evaluate (-4 - 1 - 0) + 0.
-5
What is (-1 + 3 - 2) + -6?
-6
What is 0 - 1 - ((-7 - -8) + -5)?
3
Evaluate (-12 - -9) + (2 - 1).
-2
Evaluate 57 - 45 - (-1 - -7).
6
Evaluate 9 + -2 - (12 - 14 - -5).
4
Calculate (-4 + -9 - -8) + 8.
3
1 + -1 + 1 + 2
3
Calculate 4 + -6 + (-4 - -8).
2
Calculate 4 - ((2 + 2 - 1) + 2).
-1
Calculate 3 + -3 - (-5 - 0 - 0).
5
What is the value of -21 + 15 - (0 - 4)?
-2
Evaluate -11 - (0 - (7 + -1)).
-5
What is the value of (-2 - 1) + (-4 - -8) - 4?
-3
What is -3 - -6 - 1 - (-4 - -5)?
1
-6 - (-6 - (0 - 4) - 2)
-2
What is (9 - 8) + 0 + -9?
-8
-12 - -17 - (10 - 2)
-3
What is 0 - -4 - (-5 - -13)?
-4
-8 + 3 + -9 + 4 + 6
-4
What is 0 - (-4 - (3 + 5 + -13))?
-1
7 + -1 - (-178 - -191)
-7
What is (-4 - (1 + -6)) + 2 + 0?
3
What is 3 + (-4 + 4 - 2)?
1
Evaluate 5 - (3 - (-3 + -5 + 6)).
0
Calculate 1 + (-4 + 10 + -6 - -1).
2
Calculate 4 - -2 - (1 - -2 - 3).
6
-1 + 1 + (-3 - (2 + -5))
0
What is the value of -1 - -8 - (-30 - -36)?
1
What is the value of -14 + 35 + -4 + -8?
9
3 + 2 + (2 - 3)
4
What is 4 + 1 + -14 + 13?
4
What is 1 + -2 + -2 + (3 - 1)?
-1
What is 8 + (-5 - -1 - (-2 + 1))?
5
Calculate -1 + -3 + -6 + 8 + -4.
-6
What is the value of 1 + -2 + -2 + 8?
5
-2 + 4 + (7 - 7)
2
Calculate 80 + -73 - (2 + -4).
9
-7 - (-2 - (-2 - -4))
-3
53 + -47 + (1 - 9) + 1
-1
What is (-4 - 2 - -10) + (1 - 2)?
3
What is the value of -5 + 11 + 0 + -2?
4
What is 1 - (-1 + (4 - 4 - -2))?
0
Evaluate 10 + -1 + (-8 - -4).
5
Calculate (-18 - -5) + -4 + 10.
-7
Calculate (1 - 2) + -1 + 1.
-1
(16 - 13) + (-3 - (4 + -1))
-3
What is -2 + (5 - 5) + 8?
6
What is the value of 1 + 2 + -7 + 1?
-3
Calculate -8 + -5 + 32 + -13.
6
What is the value of -4 + 8 + -3 + -4?
-3
Evaluate (-1 - 1) + (1 - (4 + -1)).
-4
Evaluate 9 + (-9 - -7) - (-1 - -4).
4
What is the value of 2 - 2 - (1 - -1)?
-2
(5 - (1 + 3) - 0) + -6
-5
Calculate 8 + -9 - (2 - 8).
5
Evaluate -3 - -1 - (22 + -29).
5
Calculate -1 - (0 + -2 + 1) - 5.
-5
Evaluate 4 - (5 + 0 - 4).
3
Evaluate -2 + (3 - 4) + 7.
4
What is the value of -3 - (-5 + 3 + -1)?
0
Calculate (14 - 9) + 1 + 3.
9
33 + -25 + (1 - 10)
-1
What is (4 - -1) + -6 + 3?
2
Evaluate 7 - (3 + (7 - 2)).
-1
Calculate -11 + 4 + (6 - 8).
-9
What is (-3 - -14) + 4 - (32 + -28)?
11
Evaluate -3 - (4 + -14 + 0).
7
Calculate 14 + (-12 + 5 - -4) - 3.
8
Calculate (-4 - 10 - -1) + 3 + 2.
-8
Calculate -5 + (6 - 1 - 1).
-1
What is (5 - (7 + (-3 - 0))) + 4?
5
Evaluate -3 + -11 + 8 + 8.
2
(-2 - -4 - 0) + 0 + -1
1
0 - 0 - (36 + -31)
-5
Calculate 1 + -4 + (-4 - -7).
0
2 + -2 + -2 - (-25 + 21)
2
Evaluate 1 + -1 + (31 - 36).
-5
What is 5 - (1 - (6 + -8))?
2
What is 1 + -6 + 9 - 6?
-2
What is 1 - -2 - (-1 - -3)?
1
0 + -3 + (7 + -4 - 3)
-3
Evaluate 0 + (-1 - ((4 - 3) + -2)).
0
(-4 - -15) + -18 - 1
-8
Calculate 0 + 3 + (-9 - -5) - -4.
3
Evaluate 5 + (6 - -4 - 25).
-10
What is the value of 2 + -8 + 1 + -4 + 6?
-3
Calculate 1 + (6 - 5 - 2) + -4.
-4
Evaluate 0 - (6 + -2 - 6) - 1.
1
What is (-4 - (-6 - -3 - 1)) + -8?
-8
What is the value of -18 + 7 - -5 - -1?
-5
What is (-1 - 4) + 2 + 1 + 1?
-1
What is -25 - -17 - -4 - (-6 + 2)?
0
What is the value of -2 - (5 - 3 - (-3 - -10))?
3
-23 + 27 - (-2 - (2 - 2))
6
What is -1 + -1 + -28 + 32 + -8?
-6
What is the value of (0 - -7) + -5 + 1?
3
Evaluate (1 - (-3 + 3)) + (17 - 13).
5
What is 2 + -1 - ((6 - -3) + -14)?
6
What is -19 + 17 - (-4 - 1) - 6?
-3
Calculate 5 - (-10 + (1 - -5)) - 3.
6
What is the value of -22 + 23 - (-3 + 0)?
4
What is -1 + (0 - -4) - 4?
-1
2 + -3 + -4 - -5
0
0 - (1 + -4) - (-2 - -9)
-4
What is the value of 6 - 2 - (13 + -4)?
-5
What is the value of -1 + (3 - 1) + 3?
4
Calculate -3 - (0 + 0 - -2).
-5
What is the value of 4 - 14 - (5 - 10)?
-5
Calculate -28 + 22 - (-11 - -1).
4
What is -11 - -13 - (0 - (-2 - 3))?
-3
Calculate 72 + -67 + (0 - (1 + 6)).
-2
Evaluate 0 - 4 - (10 - (9 - 0)).
-5
What is -5 + -5 + 6 + -1?
-5
Calculate 0 + -5 + 2 + 2.
-1
What is -2 - (-4 + 6 + -5 + -1)?
2
0 + -6 - (0 - 2)
-4
Evaluate 0 + -1 + -1 - (-2 + -4).
4
(9 - 11) + (4 - 2)
0
Calculate (-2 - 8) + (-74 - -81).
-3
1 + -3 - (-28 - -18)
8
Evaluate (11 - 12) + -5 + 7.
1
Evaluate -2 + -1 + (-8 - (-6 + 2)).
-7
What is the value of -3 